Suppose k*y = -207 - 545. Let c = y + 140. What is the units digit of c?
6
Suppose 585*n + 1742 = 590*n - 21248. What is the thousands digit of n?
4
Suppose 0 = a + 1 + 25. Let v = -21 - a. Suppose v*f - 121 = -2*x, -3*x + 2*x + 68 = 4*f. What is the tens digit of x?
4
Let g(n) = -655*n - 17. Let a be g(-4). Suppose 5*r - 2760 = -u + 1581, u = 3*r - a. What is the hundreds digit of r?
8
Let k be -4*6/(48/(-4)). Suppose -3*l = 6, k*m - l + 3*l = 738. What is the units digit of m?
1
Let o be (-4329)/5 - ((-736)/(-80) + -9). Let b = o + 1544. What is the hundreds digit of b?
6
Suppose -q + y + 29278 = 0, 3*q = 68*y - 69*y + 87846. What is the hundreds digit of q?
2
Let r = 68 - 73. Let h be r + 3 - 0 - -6. Suppose 0 = o + 3*j - 116, h*o + 5*j - 229 = 2*o. What is the tens digit of o?
0
Let p(n) be the second derivative of -n**4/12 + n**3/6 + 13*n**2 - 20*n. Let v be p(-6). What is the hundreds digit of ((-6)/1)/(v/408)?
1
Let p(o) = 2*o + 19. Let v be p(-5). Let s be (-3)/(v/552) - 0. What is the tens digit of s*(-3 - (-4 - 3/(-2)))?
9
Let h(z) = z**3 + 33*z**2 + 35*z + 51. Let t be h(-32). Let c = t - -168. What is the tens digit of c?
2
Suppose -9128 = -5*l + 1082. Suppose 454 = 12*h - l. What is the hundreds digit of h?
2
Let h be (4 - ((-1)/2 + 4))*2. Suppose k = h, 4*d + 0*k = 3*k - 51. Let c = 61 + d. What is the units digit of c?
9
Let o(l) = -l**2 + 33. Let s be -6*(1 + 13/(-3)). Let n = -20 + s. What is the units digit of o(n)?
3
Let f = 9081 - 6143. What is the hundreds digit of f?
9
Let l be (-4)/(-3)*6*2. Suppose 5*a - 13 = -93. What is the tens digit of l/(a/(-4)) - -68?
7
Let d(l) = l**3 - 6*l**2 - l + 11. Let w be d(6). Let p(b) = -b**2 + 7*b - 5. Let n be p(w). Suppose 1264 - 104 = n*o. What is the tens digit of o?
3
Suppose -3*b + 0*b = 36. Let n = b - -14. Suppose -5*v - 315 = -5*x, -n*x = 3*x - v - 331. What is the units digit of x?
7
Let t = 3427 - 2387. Suppose t = 35*v - 30*v. What is the units digit of v?
8
Let h = 264 + 937. What is the hundreds digit of (h - -11) + 8*1?
2
What is the hundreds digit of 1/1 - (17 - 4509)?
4
Let k be 1 + (2 - 22 - 3). Let c be -1*(-11)/(k/(-28)). Let o = c - 1. What is the tens digit of o?
1
Let o(y) = -635*y + 46. What is the units digit of o(-9)?
1
Suppose 7*n - 59 = 1054. Let d be -95 + 1 + (-5 - -3). Let b = n + d. What is the units digit of b?
3
Suppose 0 = -b + 5*b + 5*l - 22, 2*b - 5*l + 4 = 0. Suppose -2*s + 263 - 1171 = -b*p, 0 = 5*p + 2*s - 1524. What is the hundreds digit of p?
3
Let x be 4/2 - 7*-16. Suppose 45 = -7*j + 73. Suppose 0 = 2*t - j*w - x, -3*t - 2*w + 194 - 55 = 0. What is the tens digit of t?
4
Suppose 2*x = x + 2*u + 11, 31 = 5*x - 4*u. Suppose -4*b - x*b + 21 = 0. What is the units digit of (2 - b) + 0 + 7?
6
Let o = 2853 + -1671. Suppose -3*d = 4*u - o, 3*u = -d + 2*d + 880. What is the units digit of u?
4
Suppose 67113 = 147*n - 4512 - 699. What is the hundreds digit of n?
4
Let m(t) = 58*t - 3. Let o(n) = n**2 + 19*n - 36. Let f be o(-21). Suppose -22*j + 25*j - f = 0. What is the hundreds digit of m(j)?
1
Let h(f) = -f**2 + 7*f - 10. Let r be h(4). Suppose -p = 2*d - 1132, -r*d + 5604 = 5*p - 6*d. What is the thousands digit of p?
1
Suppose 148*v = 141*v. Suppose v = -0*c + 8*c - 5232. What is the hundreds digit of c?
6
Let s(v) = v. Let j(d) = -8*d - 2. Let k(q) = -2*j(q) - 14*s(q). Let i be k(2). Suppose 0*l = i*l - 128. What is the units digit of l?
6
Let d = -332 + 340. Suppose -d*t = 2*t - 4840. What is the tens digit of t?
8
Suppose 71*u + 740 = 69*u. Let i = u + 573. What is the hundreds digit of i?
2
Suppose 335*n = 124*n + 4127896 + 5083309. What is the units digit of n?
5
Suppose 3*c + 4*h - 5 + 3 = 0, 3*c + h - 14 = 0. Let o(b) = -b**3 + 6*b**2 + 6*b - 1. Let k be o(c). Suppose t = 209 + k. What is the hundreds digit of t?
2
Let x(w) = 1 + 1 + 1 + 70*w**2 + 2 + 6*w. What is the tens digit of x(-1)?
6
Let c(g) = 743*g**2 + 3*g - 12. Let q be c(-5). What is the tens digit of q/60 + 6/(-45)?
0
Let v(f) = 976*f**2 + 8*f + 4. Let r be v(-4). What is the units digit of 2/(-3)*r/(-24)?
3
Suppose -11*l + 5*w = -9*l - 8219, -2*l + 8207 = -w. What is the thousands digit of l?
4
Suppose f - 574 = 4*x, -5*f - x + 2889 = -2*x. Suppose 5*g = 6*g - f. What is the units digit of g?
8
Let y be -4*92/(-8)*-1. What is the hundreds digit of 663 - (-8)/(-9)*(-207)/y?
6
Let l(q) = 142*q**2 + 8*q + 39. Let j be l(-8). Suppose 8*i - j = -11*i. What is the units digit of i?
7
Suppose -201 = -45*q + 4704. What is the tens digit of q?
0
Let q be (-261)/(-10) + (-2)/20. Let g(x) = -x**3 + 29*x**2 - 73*x + 28. What is the units digit of g(q)?
8
Let h(t) = t**3 + 10*t**2 + 12*t + 17. Let i(n) = -2*n**2 + 4*n - 2. Let l be i(3). Let g be h(l). Suppose -g = j - 100. What is the units digit of j?
1
Suppose -2*w + 12 = 2. Suppose 2*t + 2*l = -3*t + 35, 0 = 3*t - 4*l + w. Suppose 5*r - 439 = v, 0*r + 2*r - t*v = 171. What is the units digit of r?
8
Let t be 12 + (9 - 7) + -1. Suppose 5 = -t*s + 12*s, 1487 = i - 4*s. What is the tens digit of i?
6
Let w = 173 + -1028. Let c be (52/6)/((-30)/w). Suppose -c = -5*o + 118. What is the units digit of o?
3
Suppose -10*t - 5 = 5. Let v = -3 + t. Let f(w) = -w**3 + w**2 + 8*w + 14. What is the units digit of f(v)?
2
Let j(d) = d**2 - 5*d + 4. Let t be j(4). Let x be 3/(-15)*21 - (-45)/225 - -21. Suppose t = x*v - 12*v - 185. What is the tens digit of v?
3
Suppose 0*h + 6 = 2*q + 4*h, 0 = 3*q + 2*h - 13. Suppose 3*r - 2*r = -q*n + 835, -r + 2*n = -800. What is the hundreds digit of r?
8
Let y = 1351 - -285. What is the tens digit of y?
3
Let q(z) be the first derivative of z**3/3 - 5*z**2 + 21*z + 1. Let h be q(9). What is the units digit of (0 + -1*(-19)/3)*h?
6
Let g(i) = i**2 - 3*i - 6. Suppose 5*x = 3*y, x - 3*y + 18 = 2*x. Let r be g(x). What is the hundreds digit of -12*(-2)/r*-37?
1
Let o be (-1)/((-1)/(-11))*-1. Let a = -2178 - -2180. Suppose a*f = o*f - 1440. What is the tens digit of f?
6
Suppose 4*l + 0*l - 898 = -5*y, -706 = -4*y + 3*l. Let a be (-27)/6*176/(-12). Let p = y - a. What is the units digit of p?
2
Let s(a) = a**3 - 20*a**2 + 4*a + 22. Let w(k) = -k**3 + 20*k**2 - 5*k - 24. Let m(q) = -5*s(q) - 4*w(q). What is the thousands digit of m(11)?
1
What is the units digit of (-66232944)/(-1872) + (-6)/(-39)?
1
Suppose 119*u = -3*k + 121*u + 23931, 4*k = -2*u + 31894. What is the thousands digit of k?
7
Let v(a) = a**3 + 9*a**2 + 15*a + 8. Let s be v(-7). Suppose -4*q + 91 = -s. Let g(d) = -d**2 + 31*d - 10. What is the units digit of g(q)?
4
Let o = -716 + 349. Let h = o + 553. What is the hundreds digit of h?
1
Suppose -58 = 2*y - 5*c + 168, 206 = -2*y - 5*c. Let a = -106 - y. Suppose -4*k = -a*t + 122, t + 2*k - 254 = -3*t. What is the units digit of t?
3
Let z(o) = o**3 + 2*o**2 - 7*o - 14. Let h be z(-3). Let f(j) be the third derivative of -23*j**4/24 - j**3/2 + 3*j**2. What is the units digit of f(h)?
3
Let m(d) be the first derivative of 39*d**3 - d**2 - 3*d - 62. What is the units digit of m(-2)?
9
Let s be (-78)/(-52)*272/6. Suppose -2*l - 2 = -s. Suppose -8*b + l = -95. What is the tens digit of b?
1
Let m = 2311 + 1323. What is the tens digit of m?
3
Let t be (-6)/(-3)*3/12*6. Suppose t*g - 3236 = 3*v - 125, 5*g - 5175 = 3*v. What is the thousands digit of g?
1
Let b(m) = -7*m + 1865 - 1874 + 0*m**2 + m**2. Let j = 11 + -2. What is the units digit of b(j)?
9
Suppose 273651 = -176*n + 197*n. What is the thousands digit of n?
3
Suppose -5*a + 10 = 0, 3*j + 2*a = a + 11. Let f be -1 + j + 0 + 2 + -2. What is the units digit of (530/(-4))/(f/(-4))?
5
Let i = -51 + 23. What is the units digit of i + 14 + 14 - (-661 - 1)?
2
Suppose 0 = 3*j + 2*g, -j + 3*g - 2*g = 0. Suppose -n - 5 + 3 = 0, -i + 2*n + 459 = j. What is the hundreds digit of i?
4
Let j = 307 + -160. Let n = j + -51. Suppose 10 + n = 2*h. What is the tens digit of h?
5
Let w(t) = -t**3 + 65*t**2 + 73*t - 555. What is the units digit of w(64)?
3
Suppose 7*m - 76960 = -30*m. Let t = 3198 - m. What is the thousands digit of t?
1
Let b(p) = -31*p - 33. Let n = 24 - 28. What is the tens digit of b(n)?
9
Let x(h) = -h**3 - 14*h**2 + 6*h - 12. Suppose 3*c + 13 = 34. Let n(f) = 3*f - 36. Let b be n(c). What is the hundreds digit of x(b)?
1
Let u = 3226 + -2755. W